f 21 and 658.
7
Calculate the greatest common divisor of 10 and 145.
5
What is the highest common divisor of 524 and 16?
4
Calculate the greatest common divisor of 7683 and 117.
39
What is the greatest common divisor of 116 and 754?
58
Calculate the greatest common divisor of 136 and 527.
17
Calculate the greatest common divisor of 2951 and 13.
13
Calculate the greatest common divisor of 18 and 4644.
18
Calculate the highest common divisor of 2827 and 88.
11
Calculate the greatest common divisor of 290 and 10.
10
Calculate the highest common factor of 728 and 112.
56
Calculate the highest common divisor of 106 and 1431.
53
What is the greatest common divisor of 675 and 405?
135
Calculate the greatest common factor of 20 and 28.
4
Calculate the greatest common divisor of 256 and 576.
64
What is the highest common divisor of 27 and 34209?
27
Calculate the highest common divisor of 531 and 118.
59
What is the highest common divisor of 60 and 115?
5
What is the highest common divisor of 8304 and 96?
48
What is the greatest common divisor of 2807 and 7?
7
Calculate the greatest common divisor of 355 and 40.
5
Calculate the highest common divisor of 16 and 824.
8
Calculate the highest common divisor of 224 and 28.
28
What is the greatest common factor of 1335 and 979?
89
What is the highest common factor of 264 and 143?
11
What is the greatest common divisor of 2655 and 45?
45
What is the greatest common factor of 222 and 5439?
111
Calculate the greatest common divisor of 416 and 464.
16
Calculate the highest common divisor of 4248 and 18.
18
What is the greatest common divisor of 7 and 90671?
7
What is the highest common divisor of 1677 and 43?
43
What is the highest common divisor of 369 and 2993?
41
Calculate the greatest common divisor of 10 and 7895.
5
Calculate the greatest common factor of 96 and 448.
32
What is the highest common divisor of 28 and 8?
4
Calculate the greatest common divisor of 3376 and 80.
16
Calculate the greatest common divisor of 52 and 26.
26
Calculate the greatest common divisor of 33 and 33.
33
Calculate the greatest common factor of 70 and 938.
14
What is the highest common factor of 154 and 1122?
22
Calculate the greatest common factor of 296 and 72.
8
What is the greatest common factor of 999 and 27?
27
Calculate the greatest common divisor of 6 and 186.
6
What is the highest common factor of 57 and 323?
19
What is the highest common factor of 824 and 103?
103
What is the highest common factor of 11 and 1793?
11
Calculate the greatest common factor of 250 and 10.
10
Calculate the highest common divisor of 16740 and 1215.
135
What is the greatest common divisor of 12258 and 24?
6
Calculate the highest common divisor of 18 and 99.
9
What is the highest common factor of 36608 and 104?
104
Calculate the greatest common divisor of 138 and 6555.
69
Calculate the highest common factor of 3186 and 118.
118
What is the highest common divisor of 117 and 9217?
13
Calculate the highest common divisor of 345 and 184.
23
Calculate the greatest common divisor of 19 and 1539.
19
Calculate the highest common factor of 630 and 90.
90
Calculate the highest common divisor of 71 and 1.
1
What is the greatest common factor of 253 and 11?
11
Calculate the highest common divisor of 31 and 341.
31
Calculate the greatest common divisor of 208 and 26.
26
Calculate the highest common divisor of 294 and 6.
6
What is the greatest common factor of 13 and 117?
13
What is the greatest common divisor of 1090 and 70?
10
What is the greatest common divisor of 1239 and 63?
21
Calculate the greatest common divisor of 66402 and 14.
14
What is the greatest common factor of 1040 and 52?
52
Calculate the greatest common factor of 174 and 116.
58
What is the greatest common factor of 242 and 176?
22
Calculate the greatest common divisor of 50 and 950.
50
What is the highest common factor of 4087 and 67?
67
Calculate the greatest common divisor of 602 and 86.
86
Calculate the highest common divisor of 19 and 48944.
19
What is the greatest common divisor of 16 and 4008?
8
Calculate the greatest common divisor of 1043 and 63.
7
Calculate the highest common divisor of 4488 and 660.
132
What is the greatest common divisor of 176 and 209?
11
What is the greatest common factor of 156 and 948?
12
What is the greatest common divisor of 24 and 372?
12
Calculate the highest common factor of 605 and 220.
55
Calculate the greatest common factor of 466 and 12.
2
What is the highest common factor of 24 and 328?
8
Calculate the highest common factor of 299 and 13.
13
What is the highest common divisor of 162 and 20736?
162
What is the highest common factor of 8110 and 20?
10
Calculate the highest common factor of 3000 and 6.
6
Calculate the highest common factor of 2 and 346.
2
Calculate the greatest common divisor of 2952 and 504.
72
Calculate the highest common divisor of 14 and 1841.
7
Calculate the highest common factor of 1944 and 729.
243
What is the highest common factor of 845 and 65?
65
What is the highest common factor of 36 and 90?
18
What is the highest common divisor of 103 and 5356?
103
Calculate the highest common factor of 1976 and 1216.
152
What is the highest common divisor of 423 and 1233?
9
Calculate the highest common divisor of 1368 and 288.
72
Calculate the highest common divisor of 72 and 486.
18
What is the greatest common divisor of 215 and 465?
5
Calculate the greatest common factor of 608 and 160.
32
What is the highest common factor of 410 and 41?
41
Calculate the greatest common divisor of 12 and 8292.
12
Calculate the greatest common factor of 41 and 5125.
41
Calculate the greatest common divisor of 25 and 175.
25
What is the greatest common factor of 316 and 5214?
158
Calculate the highest common factor of 45978 and 97.
97
Calculate the greatest common divisor of 24 and 66.
6
What is the greatest common divisor of 24 and 1952?
8
Calculate the greatest common divisor of 180 and 160.
20
What is the highest common factor of 8670 and 680?
170
What is the highest common factor of 5329 and 73?
73
Calculate the highest common factor of 1673 and 7.
7
Calculate the greatest common divisor of 247 and 76.
19
Calculate the greatest common factor of 30 and 1190.
10
What is the greatest common divisor of 82 and 123?
41
Calculate the highest common factor of 1976 and 3211.
247
Calculate the greatest common divisor of 342 and 54.
18
Calculate the highest common factor of 1034 and 22.
22
Calculate the highest common factor of 92 and 874.
46
Calculate the highest common factor of 210 and 1960.
70
What is the greatest common divisor of 40388 and 92?
92
Calculate the highest common factor of 1862 and 114.
38
What is the highest common divisor of 117 and 3588?
39
What is the highest common factor of 162 and 963?
9
Calculate the greatest common factor of 1376 and 5590.
86
What is the highest common divisor of 552 and 5428?
92
Calculate the highest common divisor of 525 and 6153.
21
Calculate the highest common divisor of 33 and 6.
3
What is the greatest common divisor of 28 and 77?
7
Calculate the greatest common divisor of 495 and 135.
45
Calculate the greatest common divisor of 174 and 42.
6
What is the greatest common factor of 140 and 910?
70
Calculate the highest common factor of 65 and 25.
5
What is the highest common divisor of 4048 and 184?
184
What is the highest common divisor of 40 and 640?
40
Calculate the highest common factor of 666 and 518.
74
Calculate the greatest common factor of 24 and 30.
6
What is the greatest common factor of 159 and 2915?
53
What is the greatest common factor of 2774 and 19?
19
What is the greatest common divisor of 4830 and 420?
210
Calculate the greatest common divisor of 60 and 2055.
15
Calculate the greatest common factor of 7 and 44.
1
Calculate the greatest common factor of 24 and 86568.
24
What is the greatest common factor of 1068 and 24?
12
What is the greatest common divisor of 9 and 43?
1
What is the greatest common factor of 129 and 774?
129
Calculate the highest common factor of 31706 and 332.
166
What is the greatest common divisor of 144 and 180?
36
What is the highest common divisor of 115 and 10?
5
Calculate the highest common divisor of 30 and 46.
2
What is the greatest common divisor of 77 and 1099?
7
